241, 53629
List the prime factors of 349475621.
11, 31770511
What are the prime factors of 621179738?
2, 4721, 65789
What are the prime factors of 4111309015?
5, 11, 19, 3934267
What are the prime factors of 79321777?
31, 61, 41947
What are the prime factors of 3087185803?
13, 6397, 37123
What are the prime factors of 53432687?
7, 11, 99133
What are the prime factors of 623198261?
7, 337, 264179
What are the prime factors of 2113428598?
2, 4643, 227593
What are the prime factors of 258515365?
5, 293, 176461
What are the prime factors of 75237187?
8641, 8707
What are the prime factors of 207615525?
3, 5, 13, 31, 6869
List the prime factors of 124756457.
7, 17822351
What are the prime factors of 191269035?
3, 5, 23, 181, 1021
List the prime factors of 14940050.
2, 5, 298801
What are the prime factors of 3962514?
2, 3, 67, 9857
List the prime factors of 2147157384.
2, 3, 101, 885791
List the prime factors of 37734683.
7, 5390669
What are the prime factors of 696557711?
17, 101, 405683
What are the prime factors of 184324323?
3, 23, 2671367
List the prime factors of 486868999.
61, 439, 18181
What are the prime factors of 1086112534?
2, 13, 41773559
List the prime factors of 96042231.
3, 17, 73, 8599
List the prime factors of 368753032.
2, 46094129
List the prime factors of 529214870.
2, 5, 1693, 31259
List the prime factors of 88664788.
2, 22166197
What are the prime factors of 455252303?
11, 433, 95581
What are the prime factors of 3527371903?
11, 8161, 39293
List the prime factors of 32286015.
3, 5, 37, 19391
List the prime factors of 215691063.
3, 7, 10271003
What are the prime factors of 235863003?
3, 29, 127, 21347
What are the prime factors of 25397103?
3, 1279, 6619
What are the prime factors of 2060880?
2, 3, 5, 31, 277
What are the prime factors of 4745427746?
2, 22123, 107251
List the prime factors of 1108678884.
2, 3, 92389907
List the prime factors of 277939258.
2, 19, 1787, 4093
List the prime factors of 32722304.
2, 151, 1693
List the prime factors of 98806980.
2, 3, 5, 1646783
What are the prime factors of 414565510?
2, 5, 41456551
What are the prime factors of 11186542?
2, 1783, 3137
What are the prime factors of 377927388?
2, 3, 10497983
List the prime factors of 723810513.
3, 17, 14192363
What are the prime factors of 155655313?
11, 43, 329081
List the prime factors of 494065140.
2, 3, 5, 8234419
List the prime factors of 1935165150.
2, 3, 5, 41, 53, 1979
List the prime factors of 34537310.
2, 5, 3453731
List the prime factors of 71381772.
2, 3, 7, 11, 2341
List the prime factors of 4451984614.
2, 7, 11, 28908991
What are the prime factors of 1654274647?
1654274647
What are the prime factors of 2923840916?
2, 19, 239, 160969
What are the prime factors of 639470383?
639470383
What are the prime factors of 24790724?
2, 7, 885383
What are the prime factors of 141611168?
2, 4425349
List the prime factors of 333916299.
3, 821, 45191
List the prime factors of 1321025637.
3, 97, 4539607
What are the prime factors of 2424451432?
2, 13, 421, 55373
List the prime factors of 54029200.
2, 5, 293, 461
What are the prime factors of 184564839?
3, 61521613
List the prime factors of 4648862715.
3, 5, 7, 19, 563, 4139
What are the prime factors of 121384979?
121384979
What are the prime factors of 111220659?
3, 11, 41, 47, 53
List the prime factors of 7811216.
2, 7, 97, 719
What are the prime factors of 724856303?
4507, 160829
What are the prime factors of 28966346?
2, 14483173
List the prime factors of 30070746.
2, 3, 1670597
List the prime factors of 315921081.
3, 7, 17, 167, 757
What are the prime factors of 2740719655?
5, 2663, 205837
What are the prime factors of 132821441?
132821441
What are the prime factors of 683771821?
2243, 304847
What are the prime factors of 6130559329?
17, 107, 3370291
List the prime factors of 83311158.
2, 3, 7, 1983599
List the prime factors of 29292560.
2, 5, 11, 33287
What are the prime factors of 35061813?
3, 43, 90599
List the prime factors of 31493160.
2, 3, 5, 87481
List the prime factors of 43005417.
3, 7, 13, 19, 8291
List the prime factors of 78650044.
2, 11, 19, 94079
What are the prime factors of 3619492390?
2, 5, 361949239
List the prime factors of 441322273.
7, 37, 243421
What are the prime factors of 33596439?
3, 139, 80567
What are the prime factors of 828811065?
3, 5, 19, 151, 19259
List the prime factors of 32900517.
3, 13, 31, 47, 193
List the prime factors of 1373316947.
1373316947
What are the prime factors of 185142778?
2, 23, 43, 93601
What are the prime factors of 8126721181?
37, 7307, 30059
List the prime factors of 91559960.
2, 5, 17, 29, 4643
What are the prime factors of 245236450?
2, 5, 59, 1409
What are the prime factors of 55510977?
3, 337, 54907
What are the prime factors of 27779245?
5, 13, 29, 14737
List the prime factors of 8387127093.
3, 53, 809, 65203
List the prime factors of 29809875.
3, 5, 79493
What are the prime factors of 5250584175?
3, 5, 70007789
List the prime factors of 78345096.
2, 3, 41, 103, 773
List the prime factors of 248202.
2, 3, 13789
List the prime factors of 823826208.
2, 3, 8581523
List the prime factors of 1334886082.
2, 667443041
List the prime factors of 284253301.
14249, 19949
List the prime factors of 5861993834.
2, 43, 68162719
List the prime factors of 69280875.
3, 5, 61583
List the prime factors of 50408175.
3, 5, 439, 1531
List the prime factors of 716552785.
5, 13, 107, 269, 383
What are the prime factors of 50366776?
2, 6295847
List the prime factors of 4671529301.
4671529301
What are the prime factors of 1926112834?
2, 963056417
What are the prime factors of 9664547?
1373, 7039
What are the prime factors of 7882629384?
2, 3, 7, 3011, 15583
What are the prime factors of 922087936?
2, 7, 11, 19, 1231
What are the prime factors of 191626681?
61, 547, 5743
What are the prime factors of 17819283?
3, 19, 312619
List the prime factors of 474785412.
2, 3, 23, 41, 41957
List the prime factors of 83286780.
2, 3, 5, 1388113
List the prime factors of 1198761453.
3, 133195717
List the prime factors of 4927920334.
2, 73, 151, 223529
List the prime factors of 292776204.
2, 3, 7, 173, 20147
List the prime factors of 754384157.
37, 20388761
List the prime factors of 5095034891.
5095034891
What are the prime factors of 448743372?
2, 3, 7, 11, 69379
List the prime factors of 71733792.
2, 3, 13, 229, 251
List the prime factors of 2727070812.
2, 3, 397, 190811
List the prime factors of 105598651.
105598651
List the prime factors of 121381614.
2, 3, 19, 257, 1381
List the prime factors of 145002186.
2, 3, 7, 19, 37, 1637
List the prime factors of 28077827.
2711, 10357
List the prime factors of 634907878.
2, 11, 41, 409, 1721
List the prime factors of 148680146.
2, 74340073
What are the prime factors of 73937424?
2, 3, 11, 233, 601
List the prime factors of 67925360.
2, 5, 163, 5209
List the prime factors of 275103370.
2, 5, 27510337
List the prime factors of 22717341.
3, 93487
What are the prime factors of 94715415?
3, 5, 17, 7283
What are the prime factors of 63494998?
2, 7, 19, 238703
What are the prime factors of 27797305?
5, 73, 76157
List the prime factors of 521835873.
3, 13, 1283, 10429
What are the prime factors of 399333416?
2, 107, 449, 1039
List the prime factors of 68278827.
3, 47, 683, 709
What are the prime factors of 26680101?
3, 7, 83, 15307
What are the prime factors of 60992367?
3, 109, 383, 487
What are the prime factors of 1358135249?
1358135249
List the prime factors of 216045632.
2, 11, 306883
List the prime factors of 174170873.
174170873
What are the prime factors of 1567402082?
2, 783701041
What are the prime factors of 294547258?
2, 29, 5078401
What are the prime factors of 2212539378?
2, 3, 7, 31, 53, 32063
What are the prime factors of 189085517?
189085517
What are the prime factors of 165964576?
2, 31, 293, 571
What are the prime factors of 312917887?
59, 5303693
List the prime factors of 1634273563.
13, 17, 223, 33161
List the prime factors of 928798717.
7, 11, 19, 634859
What are the prime factors of 697625466?
2, 3, 23, 167, 30271
List the prime factors of 279711470.
2, 5, 27971147
What are the prime factors of 1059612661?
1777, 596293
List the prime factors of 42296642.
2, 21148321
What are the prime factors of 221827159?
1889, 11